10*y - 673. What is the tens digit of n(31)?
8
Let y = -1058 + 8416. What is the units digit of y?
8
Let s(j) = 179*j**2 - 80*j + 181. What is the tens digit of s(2)?
3
Let b = 898 - -6355. What is the units digit of b?
3
Let h(a) = 4*a + 64. Let n be h(-15). What is the hundreds digit of (0 + n/(-3))*-249?
3
Suppose 335*m + 189663 = 340*m + 2*d, d = -1. What is the ten thousands digit of m?
3
Suppose -758*r + 753*r - 4490 = 0. Let a = 1652 + r. What is the tens digit of a?
5
Suppose 14*m - 644325 = 20*m - 77*m. What is the units digit of m?
5
Let w(x) = -7*x**3 + 2*x**2 + 4*x + 226. Let j(p) = -8*p**3 + 2*p**2 + 5*p + 225. Let g(c) = -6*j(c) + 7*w(c). What is the units digit of g(0)?
2
Let k(b) = 120*b - 8. Let d(j) = -j**2 - 19*j + 67. Let c be d(-22). What is the hundreds digit of k(c)?
1
Suppose h + 259 = 3*f, 5*h + 2230 = -4*f + 878. Suppose 48*c = 53*c - 30. What is the tens digit of c*1*h/(-8)?
0
Let q be 6/27 + (-7892)/36 + 1. Let u = q + 430. What is the units digit of u?
2
Let t(m) = 3*m**2 + 16*m - 81. Suppose 12 = 4*w, 5*w - 42 = -3*r + 3. What is the hundreds digit of t(r)?
3
Let u(v) = 3336*v - 21. Let i be u(1). Suppose 3*f = -2*f + i. What is the hundreds digit of f?
6
Let h(s) = -s**2 - 9*s + 2. Let j be h(0). What is the tens digit of 99/j*10/15?
3
What is the thousands digit of (-3)/7 + 5510/1015 - (-18943 + 0)?
8
Let s = -215 - -295. Let v(w) = -15*w + 1. Let i be v(-4). Let k = s - i. What is the units digit of k?
9
Suppose 2 = -8*a - 14. Let i be (-1*(2 + 4))/a. Suppose -5*y + 197 = 2*m, i*m - 4*y = -0*y + 330. What is the units digit of m?
6
What is the thousands digit of -25*102/1275 - (-19550 - 0)?
9
Let d = -7831 + 11936. What is the hundreds digit of d?
1
Suppose 0 = -4*t + 4*f + 176, -2*t + 4*f + 57 + 41 = 0. What is the hundreds digit of 869 + t + 7/(-1)?
9
Let c(v) = 17*v - 12. Let t(z) = -34*z + 25. Let s(b) = 7*c(b) + 3*t(b). Let u be s(3). Suppose 3*k = 18 + u. What is the tens digit of k?
2
Suppose -12*t = -14 - 34. Suppose -t*q + 0*s = 4*s - 132, -4*q - 2*s + 132 = 0. Let g = q - -78. What is the tens digit of g?
1
Let v be (-6)/27 - 1883/(-9). Let n = 309 - v. What is the hundreds digit of n?
1
Suppose d + 7 = 3*l - 0*l, -18 = -2*l + 4*d. Suppose l = -3*k + 5*n - 0, 13 = 3*k + 2*n. Suppose 238 = k*r - 284. What is the tens digit of r?
7
Suppose -20*n + 181759 + 39501 = 0. What is the ten thousands digit of n?
1
Let t(f) be the third derivative of 0*f + 1/3*f**3 + 1/6*f**4 - 9*f**2 + 0. What is the units digit of t(2)?
0
What is the hundreds digit of (33/(-22))/(51/(-333608))?
8
Suppose -j = -17*n + 473425, j + 91527 = 5*n - 47710. What is the thousands digit of n?
7
Let o(j) be the third derivative of 7*j**5/20 - 3*j**4/8 - 17*j**3/6 - 5*j**2. What is the tens digit of o(-5)?
5
Let x(a) = 1341*a + 801. What is the hundreds digit of x(20)?
6
Let p(b) = 12*b + 50. Let n be p(-8). Let m = -39 - n. What is the units digit of m?
7
Suppose 0*x = -x - 14. Let u(o) = o**2 - 13*o - 25. Let a be u(x). What is the units digit of a/4 - (-2 + 18/8)?
8
Suppose -2*a = -3*a - 8*a. Suppose 4*g - 5*d + 4*d = 455, 4*d - 20 = a. Suppose 0 = -9*m + 155 + g. What is the tens digit of m?
3
Suppose -a + w - 89 = 11, 4*w = 0. Let z = a - -337. What is the units digit of z?
7
What is the tens digit of (21 + -20)/(1 + (-24)/20) + 20778?
7
Suppose 3519 = -5*z + 14294. Let w = z - 1408. What is the units digit of w?
7
Suppose -3*l + 10 = 2*j, 0 = -2*l - 5*j + 13 + 1. Let v(w) = 154*w**2 + 2*w + 7. What is the units digit of v(l)?
7
Suppose 11*i - 16*i + 885 = 0. Suppose 4*t - i = 551. What is the hundreds digit of t?
1
Suppose 2218 = 88*p - 2552 - 1478. What is the tens digit of p?
7
Let d = 25806 + -13959. What is the units digit of d?
7
Let b = 45243 + -19639. What is the tens digit of b?
0
What is the hundreds digit of (0 - 422950/(-40)) + (-1 - 1/(-4))?
5
Let j(y) = -y**3 - 33*y**2 + 5*y + 10. Let t be j(-26). What is the tens digit of t/(-14) + 120/280?
4
Suppose -8*d = -18*d + 30. Let s = 60 - 84. What is the tens digit of s/(d/(204/(-8)))?
0
Let t = 61 + -2213. Let y = t - -3885. What is the thousands digit of y?
1
Let w(z) = z - 1. Let n be w(11). Suppose -14*u + n*u + 455 = 5*a, -4*u - 328 = -4*a. What is the units digit of a?
7
Suppose m = -q + 738, -2*q + 1306 = 4*m - 174. Suppose -4*b + 2*v = b - 1840, -q = -2*b - 3*v. What is the units digit of b?
8
Suppose 4*t = t + 276. Let x = 381 + -379. Suppose x*j - 294 = t. What is the units digit of j?
3
Let i = -3495 + 11225. What is the tens digit of i?
3
Suppose -681 - 165 = -3*o. Suppose -5*u + 7*q + 456 = 5*q, -4*q - o = -3*u. What is the tens digit of u?
9
Let b(o) = 2*o - 34. Let g be b(20). Suppose 1261 = -2*d + 5*d - 5*x, g = -3*x. What is the hundreds digit of d?
4
What is the hundreds digit of (324/15)/(-5 - (-22255)/4450)?
2
Let c = -8 + 11. Suppose -c*j = -6*j - 36. Let u(s) = -8*s + 23. What is the hundreds digit of u(j)?
1
Suppose 4*h = 1105 + 371. Let j = -161 + h. What is the hundreds digit of j?
2
Let c be (134472/(-182))/(4/(-14)). Suppose 0 = x + 11*k - 12*k - 862, -3*x + 4*k = -c. What is the units digit of x?
2
Let o = 34 - 28. Suppose -6 = -z + y - 2, -y = 4*z - o. Suppose -2*c - 3*c - 2*s + 378 = 0, 82 = c + z*s. What is the units digit of c?
4
Let s(h) = -52*h**2 - 1 + 25*h**2 - 3*h + 28*h**2. Let a be s(4). Let z(b) = 13*b + 6. What is the units digit of z(a)?
5
Let l = -205 - -176. Let c(t) = -t**2 - 47*t - 10. What is the hundreds digit of c(l)?
5
Let w be ((-32)/((-4)/(-2)))/(4 + -6). Suppose -w*d + 4366 + 1866 = 0. What is the units digit of d?
9
Suppose 2*z - 6 = 0, -2*z + 2221 = 2*m - z. Let i = -744 + m. What is the units digit of i?
5
Let r be (-13)/((-39)/28746) + -4. Suppose 6*a - 3*a + 2*y = r, y = -3*a + 9577. What is the hundreds digit of a/70*(-10)/(-2)?
2
Suppose 0 = -195*k + 176*k + 45030. What is the hundreds digit of k?
3
Let d = 1361 - 801. Suppose -9*m - d = 106. What is the tens digit of (6/1)/((-2)/m)?
2
Let y(h) = -16 + 5 + 117*h**2 - 6*h + 10*h - 74*h**2. What is the hundreds digit of y(4)?
6
Let x = -18574 - -30212. What is the thousands digit of x?
1
Suppose 5*j - 24569 + 4317 = -3*k, k + 2*j - 6752 = 0. What is the hundreds digit of k?
7
Let f(s) = -77*s + 16. Let i = -12 + 6. Let o be f(i). Let v = o + -339. What is the units digit of v?
9
Suppose -4*d - 11 = -3*j - 2, -d = 2*j - 6. Suppose -q + u = 6*u - 632, d = 3*q + 2*u - 1844. What is the tens digit of q?
1
What is the units digit of (-28)/77 - (-1911568)/88?
2
Let w = -32822 - -53372. What is the units digit of w?
0
Suppose u = 5*s - 1714 + 6538, 2*s - 4796 = -u. What is the hundreds digit of u?
8
What is the thousands digit of ((-9720)/(-1458))/(4/17070)?
8
Suppose 0 = 27792*q - 27762*q - 408780. What is the tens digit of q?
2
Let b = -2667 + 10950. What is the units digit of b?
3
Let k(q) = -7*q**3 + 39*q**2 - 31*q - 46. What is the units digit of k(-13)?
7
Let h(n) = -2*n**3 + 10*n**2 + 20*n + 28. Let a(m) = m**3 - 10*m**2 - 19*m - 28. Let k(s) = -3*a(s) - 2*h(s). What is the tens digit of k(-8)?
2
What is the hundreds digit of ((-6 + 3275/(-2))*12)/(-2)?
8
Let y = 87 - 81. Suppose 2*d - 181 = 3*j, -10*j = -d - y*j + 78. What is the tens digit of d?
9
Suppose 420 = -8*h + 132. What is the units digit of (-6)/(-8) + 4 + (-17685)/h?
6
Suppose 0 = -29*l - l + 4205 + 6985. Let b = 19 + -12. Suppose -b*c + l + 362 = 0. What is the tens digit of c?
0
Let c(p) = 150*p**2 + 81*p - 622. What is the ten thousands digit of c(10)?
1
Suppose 1622 + 1131 = -5*j - 4*h, h - 2768 = 5*j. Let g = j + 1138. What is the tens digit of g?
8
Let c(u) be the third derivative of -u**6/120 + u**5/6 + 25*u**4/24 + 4*u**3/3 - 37*u**2. What is the hundreds digit of c(10)?
2
Suppose 4*n + n = 15, 4*c = -5*n - 217. Let v = c + 40. Let o = v - -56. What is the units digit of o?
8
Let h = 12692 + -11409. What is the units digit of h?
3
Suppose -1296 = -5*d - 426. Let f = d + -97. Let r = -66 + f. What is the tens digit of r?
1
What is the hundreds digit of (54/12*19804/(-6))/(9/(-6))?
9
Let s(a) be the first derivative of a**3 - 19*a**2 - 24*a - 11. Let u be s(19). Suppose 7*y - u = 517. What is the tens digit of y?
2
Suppose u - 21039 = -3*d, -4*d - 15*u = -20*u - 28090. What is the thousands digit